{"id":1527,"date":"2025-10-09T16:51:37","date_gmt":"2025-10-09T19:51:37","guid":{"rendered":"https:\/\/af7pro.com.br\/projeto\/tres-en-raya-anuncios\/"},"modified":"2026-04-01T14:33:53","modified_gmt":"2026-04-01T17:33:53","slug":"tres-en-raya","status":"publish","type":"projeto","link":"https:\/\/af7pro.com.br\/es\/projeto\/tres-en-raya\/","title":{"rendered":"Tres en raya &#8211; anuncios"},"featured_media":1083,"menu_order":152,"template":"","meta":{"_acf_changed":false},"exibicao":[101],"servicos_projeto":[83],"class_list":["post-1527","projeto","type-projeto","status-publish","has-post-thumbnail","hentry","exibicao-exibir-na-home","servicos_projeto-panel-de-led-interactivo"],"acf":{"titulo_visual":"Tres en raya LED interactivo","servico":"Estrategia y movimiento para captar la atenci\u00f3n de su p\u00fablico","texto":"Una versi\u00f3n deportiva del cl\u00e1sico tres en raya. Los participantes chutan el bal\u00f3n hacia un panel de LED interactivo para marcar puntos y pueden superponer marcadores, lo que hace que la din\u00e1mica sea m\u00e1s competitiva y divertida. Ideal para eventos que buscan interacci\u00f3n y energ\u00eda.","logo_cliente":"","video":"https:\/\/vimeo.com\/1171745124"},"yoast_head":"<!-- This site is optimized with the Yoast SEO plugin v27.3 - https:\/\/yoast.com\/product\/yoast-seo-wordpress\/ -->\n<title>Tres en raya en LED interactivo: estrategia y movimiento para captar a su p\u00fablico<\/title>\n<meta name=\"description\" content=\"Una versi\u00f3n deportiva del cl\u00e1sico tres en raya. Los participantes chutan el bal\u00f3n hacia un panel de LED interactivo para marcar puntos y pueden superponer marcadores, lo que hace que la din\u00e1mica sea m\u00e1s competitiva y divertida. Ideal para eventos que buscan interacci\u00f3n y energ\u00eda.\" \/>\n<meta name=\"robots\" content=\"index, follow, max-snippet:-1, max-image-preview:large, max-video-preview:-1\" \/>\n<link rel=\"canonical\" href=\"https:\/\/af7pro.com.br\/es\/projeto\/tres-en-raya\/\" \/>\n<meta property=\"og:locale\" content=\"es_ES\" \/>\n<meta property=\"og:type\" content=\"article\" \/>\n<meta property=\"og:title\" content=\"Tres en raya en LED interactivo: estrategia y movimiento para captar a su p\u00fablico\" \/>\n<meta property=\"og:description\" content=\"Una versi\u00f3n deportiva del cl\u00e1sico tres en raya. Los participantes chutan el bal\u00f3n hacia un panel de LED interactivo para marcar puntos y pueden superponer marcadores, lo que hace que la din\u00e1mica sea m\u00e1s competitiva y divertida. Ideal para eventos que buscan interacci\u00f3n y energ\u00eda.\" \/>\n<meta property=\"og:url\" content=\"https:\/\/af7pro.com.br\/es\/projeto\/tres-en-raya\/\" \/>\n<meta property=\"og:site_name\" content=\"AF7Pro - Tecnologia em movimento\" \/>\n<meta property=\"article:publisher\" content=\"https:\/\/www.facebook.com\/af7pro\/\" \/>\n<meta property=\"article:modified_time\" content=\"2026-04-01T17:33:53+00:00\" \/>\n<meta property=\"og:image\" content=\"https:\/\/af7pro.com.br\/wp-content\/uploads\/2025\/10\/Captura-de-Tela-2025-10-09-as-16.51.01-e1760039478645.png\" \/>\n\t<meta property=\"og:image:width\" content=\"600\" \/>\n\t<meta property=\"og:image:height\" content=\"316\" \/>\n\t<meta property=\"og:image:type\" content=\"image\/png\" \/>\n<meta name=\"twitter:card\" content=\"summary_large_image\" \/>\n<meta name=\"twitter:label1\" content=\"Tiempo de lectura\" \/>\n\t<meta name=\"twitter:data1\" content=\"1 minuto\" \/>\n<script type=\"application\/ld+json\" class=\"yoast-schema-graph\">{\"@context\":\"https:\\\/\\\/schema.org\",\"@graph\":[{\"@type\":\"WebPage\",\"@id\":\"https:\\\/\\\/af7pro.com.br\\\/es\\\/projeto\\\/tres-en-raya\\\/\",\"url\":\"https:\\\/\\\/af7pro.com.br\\\/es\\\/projeto\\\/tres-en-raya\\\/\",\"name\":\"Tres en raya en LED interactivo: estrategia y movimiento para captar a su p\u00fablico\",\"isPartOf\":{\"@id\":\"https:\\\/\\\/af7pro.com.br\\\/es\\\/#website\"},\"primaryImageOfPage\":{\"@id\":\"https:\\\/\\\/af7pro.com.br\\\/es\\\/projeto\\\/tres-en-raya\\\/#primaryimage\"},\"image\":{\"@id\":\"https:\\\/\\\/af7pro.com.br\\\/es\\\/projeto\\\/tres-en-raya\\\/#primaryimage\"},\"thumbnailUrl\":\"https:\\\/\\\/af7pro.com.br\\\/wp-content\\\/uploads\\\/2025\\\/10\\\/Captura-de-Tela-2025-10-09-as-16.51.01-e1760039478645.png\",\"datePublished\":\"2025-10-09T19:51:37+00:00\",\"dateModified\":\"2026-04-01T17:33:53+00:00\",\"description\":\"Una versi\u00f3n deportiva del cl\u00e1sico tres en raya. Los participantes chutan el bal\u00f3n hacia un panel de LED interactivo para marcar puntos y pueden superponer marcadores, lo que hace que la din\u00e1mica sea m\u00e1s competitiva y divertida. Ideal para eventos que buscan interacci\u00f3n y energ\u00eda.\",\"breadcrumb\":{\"@id\":\"https:\\\/\\\/af7pro.com.br\\\/es\\\/projeto\\\/tres-en-raya\\\/#breadcrumb\"},\"inLanguage\":\"es\",\"potentialAction\":[{\"@type\":\"ReadAction\",\"target\":[\"https:\\\/\\\/af7pro.com.br\\\/es\\\/projeto\\\/tres-en-raya\\\/\"]}]},{\"@type\":\"ImageObject\",\"inLanguage\":\"es\",\"@id\":\"https:\\\/\\\/af7pro.com.br\\\/es\\\/projeto\\\/tres-en-raya\\\/#primaryimage\",\"url\":\"https:\\\/\\\/af7pro.com.br\\\/wp-content\\\/uploads\\\/2025\\\/10\\\/Captura-de-Tela-2025-10-09-as-16.51.01-e1760039478645.png\",\"contentUrl\":\"https:\\\/\\\/af7pro.com.br\\\/wp-content\\\/uploads\\\/2025\\\/10\\\/Captura-de-Tela-2025-10-09-as-16.51.01-e1760039478645.png\",\"width\":600,\"height\":316},{\"@type\":\"BreadcrumbList\",\"@id\":\"https:\\\/\\\/af7pro.com.br\\\/es\\\/projeto\\\/tres-en-raya\\\/#breadcrumb\",\"itemListElement\":[{\"@type\":\"ListItem\",\"position\":1,\"name\":\"In\u00edcio\",\"item\":\"https:\\\/\\\/af7pro.com.br\\\/es\\\/\"},{\"@type\":\"ListItem\",\"position\":2,\"name\":\"Proyectos\",\"item\":\"https:\\\/\\\/af7pro.com.br\\\/es\\\/portfolio\\\/\"},{\"@type\":\"ListItem\",\"position\":3,\"name\":\"Tres en raya &#8211; anuncios\"}]},{\"@type\":\"WebSite\",\"@id\":\"https:\\\/\\\/af7pro.com.br\\\/es\\\/#website\",\"url\":\"https:\\\/\\\/af7pro.com.br\\\/es\\\/\",\"name\":\"Af7 Pro - Tecnologia em movimento\",\"description\":\"Ativa\u00e7\u00f5es tecnol\u00f3gicas para eventos\",\"publisher\":{\"@id\":\"https:\\\/\\\/af7pro.com.br\\\/es\\\/#organization\"},\"potentialAction\":[{\"@type\":\"SearchAction\",\"target\":{\"@type\":\"EntryPoint\",\"urlTemplate\":\"https:\\\/\\\/af7pro.com.br\\\/es\\\/?s={search_term_string}\"},\"query-input\":{\"@type\":\"PropertyValueSpecification\",\"valueRequired\":true,\"valueName\":\"search_term_string\"}}],\"inLanguage\":\"es\"},{\"@type\":\"Organization\",\"@id\":\"https:\\\/\\\/af7pro.com.br\\\/es\\\/#organization\",\"name\":\"Af7 Pro Tecnologia em movimento\",\"url\":\"https:\\\/\\\/af7pro.com.br\\\/es\\\/\",\"logo\":{\"@type\":\"ImageObject\",\"inLanguage\":\"es\",\"@id\":\"https:\\\/\\\/af7pro.com.br\\\/es\\\/#\\\/schema\\\/logo\\\/image\\\/\",\"url\":\"https:\\\/\\\/af7pro.com.br\\\/wp-content\\\/uploads\\\/2024\\\/07\\\/favico.png\",\"contentUrl\":\"https:\\\/\\\/af7pro.com.br\\\/wp-content\\\/uploads\\\/2024\\\/07\\\/favico.png\",\"width\":512,\"height\":512,\"caption\":\"Af7 Pro Tecnologia em movimento\"},\"image\":{\"@id\":\"https:\\\/\\\/af7pro.com.br\\\/es\\\/#\\\/schema\\\/logo\\\/image\\\/\"},\"sameAs\":[\"https:\\\/\\\/www.facebook.com\\\/af7pro\\\/\",\"https:\\\/\\\/www.linkedin.com\\\/company\\\/af7pro\\\/\",\"https:\\\/\\\/pin.it\\\/5G9NvRlLS\",\"https:\\\/\\\/www.instagram.com\\\/af7pro\"]}]}<\/script>\n<!-- \/ Yoast SEO plugin. -->","yoast_head_json":{"title":"Tres en raya en LED interactivo: estrategia y movimiento para captar a su p\u00fablico","description":"Una versi\u00f3n deportiva del cl\u00e1sico tres en raya. Los participantes chutan el bal\u00f3n hacia un panel de LED interactivo para marcar puntos y pueden superponer marcadores, lo que hace que la din\u00e1mica sea m\u00e1s competitiva y divertida. Ideal para eventos que buscan interacci\u00f3n y energ\u00eda.","robots":{"index":"index","follow":"follow","max-snippet":"max-snippet:-1","max-image-preview":"max-image-preview:large","max-video-preview":"max-video-preview:-1"},"canonical":"https:\/\/af7pro.com.br\/es\/projeto\/tres-en-raya\/","og_locale":"es_ES","og_type":"article","og_title":"Tres en raya en LED interactivo: estrategia y movimiento para captar a su p\u00fablico","og_description":"Una versi\u00f3n deportiva del cl\u00e1sico tres en raya. Los participantes chutan el bal\u00f3n hacia un panel de LED interactivo para marcar puntos y pueden superponer marcadores, lo que hace que la din\u00e1mica sea m\u00e1s competitiva y divertida. Ideal para eventos que buscan interacci\u00f3n y energ\u00eda.","og_url":"https:\/\/af7pro.com.br\/es\/projeto\/tres-en-raya\/","og_site_name":"AF7Pro - Tecnologia em movimento","article_publisher":"https:\/\/www.facebook.com\/af7pro\/","article_modified_time":"2026-04-01T17:33:53+00:00","og_image":[{"width":600,"height":316,"url":"https:\/\/af7pro.com.br\/wp-content\/uploads\/2025\/10\/Captura-de-Tela-2025-10-09-as-16.51.01-e1760039478645.png","type":"image\/png"}],"twitter_card":"summary_large_image","twitter_misc":{"Tiempo de lectura":"1 minuto"},"schema":{"@context":"https:\/\/schema.org","@graph":[{"@type":"WebPage","@id":"https:\/\/af7pro.com.br\/es\/projeto\/tres-en-raya\/","url":"https:\/\/af7pro.com.br\/es\/projeto\/tres-en-raya\/","name":"Tres en raya en LED interactivo: estrategia y movimiento para captar a su p\u00fablico","isPartOf":{"@id":"https:\/\/af7pro.com.br\/es\/#website"},"primaryImageOfPage":{"@id":"https:\/\/af7pro.com.br\/es\/projeto\/tres-en-raya\/#primaryimage"},"image":{"@id":"https:\/\/af7pro.com.br\/es\/projeto\/tres-en-raya\/#primaryimage"},"thumbnailUrl":"https:\/\/af7pro.com.br\/wp-content\/uploads\/2025\/10\/Captura-de-Tela-2025-10-09-as-16.51.01-e1760039478645.png","datePublished":"2025-10-09T19:51:37+00:00","dateModified":"2026-04-01T17:33:53+00:00","description":"Una versi\u00f3n deportiva del cl\u00e1sico tres en raya. Los participantes chutan el bal\u00f3n hacia un panel de LED interactivo para marcar puntos y pueden superponer marcadores, lo que hace que la din\u00e1mica sea m\u00e1s competitiva y divertida. Ideal para eventos que buscan interacci\u00f3n y energ\u00eda.","breadcrumb":{"@id":"https:\/\/af7pro.com.br\/es\/projeto\/tres-en-raya\/#breadcrumb"},"inLanguage":"es","potentialAction":[{"@type":"ReadAction","target":["https:\/\/af7pro.com.br\/es\/projeto\/tres-en-raya\/"]}]},{"@type":"ImageObject","inLanguage":"es","@id":"https:\/\/af7pro.com.br\/es\/projeto\/tres-en-raya\/#primaryimage","url":"https:\/\/af7pro.com.br\/wp-content\/uploads\/2025\/10\/Captura-de-Tela-2025-10-09-as-16.51.01-e1760039478645.png","contentUrl":"https:\/\/af7pro.com.br\/wp-content\/uploads\/2025\/10\/Captura-de-Tela-2025-10-09-as-16.51.01-e1760039478645.png","width":600,"height":316},{"@type":"BreadcrumbList","@id":"https:\/\/af7pro.com.br\/es\/projeto\/tres-en-raya\/#breadcrumb","itemListElement":[{"@type":"ListItem","position":1,"name":"In\u00edcio","item":"https:\/\/af7pro.com.br\/es\/"},{"@type":"ListItem","position":2,"name":"Proyectos","item":"https:\/\/af7pro.com.br\/es\/portfolio\/"},{"@type":"ListItem","position":3,"name":"Tres en raya &#8211; anuncios"}]},{"@type":"WebSite","@id":"https:\/\/af7pro.com.br\/es\/#website","url":"https:\/\/af7pro.com.br\/es\/","name":"Af7 Pro - Tecnologia em movimento","description":"Ativa\u00e7\u00f5es tecnol\u00f3gicas para eventos","publisher":{"@id":"https:\/\/af7pro.com.br\/es\/#organization"},"potentialAction":[{"@type":"SearchAction","target":{"@type":"EntryPoint","urlTemplate":"https:\/\/af7pro.com.br\/es\/?s={search_term_string}"},"query-input":{"@type":"PropertyValueSpecification","valueRequired":true,"valueName":"search_term_string"}}],"inLanguage":"es"},{"@type":"Organization","@id":"https:\/\/af7pro.com.br\/es\/#organization","name":"Af7 Pro Tecnologia em movimento","url":"https:\/\/af7pro.com.br\/es\/","logo":{"@type":"ImageObject","inLanguage":"es","@id":"https:\/\/af7pro.com.br\/es\/#\/schema\/logo\/image\/","url":"https:\/\/af7pro.com.br\/wp-content\/uploads\/2024\/07\/favico.png","contentUrl":"https:\/\/af7pro.com.br\/wp-content\/uploads\/2024\/07\/favico.png","width":512,"height":512,"caption":"Af7 Pro Tecnologia em movimento"},"image":{"@id":"https:\/\/af7pro.com.br\/es\/#\/schema\/logo\/image\/"},"sameAs":["https:\/\/www.facebook.com\/af7pro\/","https:\/\/www.linkedin.com\/company\/af7pro\/","https:\/\/pin.it\/5G9NvRlLS","https:\/\/www.instagram.com\/af7pro"]}]}},"_links":{"self":[{"href":"https:\/\/af7pro.com.br\/es\/wp-json\/wp\/v2\/projeto\/1527","targetHints":{"allow":["GET"]}}],"collection":[{"href":"https:\/\/af7pro.com.br\/es\/wp-json\/wp\/v2\/projeto"}],"about":[{"href":"https:\/\/af7pro.com.br\/es\/wp-json\/wp\/v2\/types\/projeto"}],"wp:featuredmedia":[{"embeddable":true,"href":"https:\/\/af7pro.com.br\/es\/wp-json\/wp\/v2\/media\/1083"}],"wp:attachment":[{"href":"https:\/\/af7pro.com.br\/es\/wp-json\/wp\/v2\/media?parent=1527"}],"wp:term":[{"taxonomy":"exibicao","embeddable":true,"href":"https:\/\/af7pro.com.br\/es\/wp-json\/wp\/v2\/exibicao?post=1527"},{"taxonomy":"servicos_projeto","embeddable":true,"href":"https:\/\/af7pro.com.br\/es\/wp-json\/wp\/v2\/servicos_projeto?post=1527"}],"curies":[{"name":"wp","href":"https:\/\/api.w.org\/{rel}","templated":true}]}}

Estrategia y movimiento para captar la atención de su público

Una versión deportiva del clásico tres en raya. Los participantes chutan el balón hacia un panel de LED interactivo para marcar puntos y pueden superponer marcadores, lo que hace que la dinámica sea más competitiva y divertida. Ideal para eventos que buscan interacción y energía.

<!-- This site is optimized with the Yoast SEO plugin v27.3 - https://yoast.com/product/yoast-seo-wordpress/ -->
<title>Tres en raya en LED interactivo: estrategia y movimiento para captar a su público</title>
<meta name="description" content="Una versión deportiva del clásico tres en raya. Los participantes chutan el balón hacia un panel de LED interactivo para marcar puntos y pueden superponer marcadores, lo que hace que la dinámica sea más competitiva y divertida. Ideal para eventos que buscan interacción y energía." />
<meta name="robots" content="index, follow, max-snippet:-1, max-image-preview:large, max-video-preview:-1" />
<link rel="canonical" href="https://af7pro.com.br/es/projeto/tres-en-raya/" />
<meta property="og:locale" content="es_ES" />
<meta property="og:type" content="article" />
<meta property="og:title" content="Tres en raya en LED interactivo: estrategia y movimiento para captar a su público" />
<meta property="og:description" content="Una versión deportiva del clásico tres en raya. Los participantes chutan el balón hacia un panel de LED interactivo para marcar puntos y pueden superponer marcadores, lo que hace que la dinámica sea más competitiva y divertida. Ideal para eventos que buscan interacción y energía." />
<meta property="og:url" content="https://af7pro.com.br/es/projeto/tres-en-raya/" />
<meta property="og:site_name" content="AF7Pro - Tecnologia em movimento" />
<meta property="article:publisher" content="https://www.facebook.com/af7pro/" />
<meta property="article:modified_time" content="2026-04-01T17:33:53+00:00" />
<meta property="og:image" content="https://af7pro.com.br/wp-content/uploads/2025/10/Captura-de-Tela-2025-10-09-as-16.51.01-e1760039478645.png" />
	<meta property="og:image:width" content="600" />
	<meta property="og:image:height" content="316" />
	<meta property="og:image:type" content="image/png" />
<meta name="twitter:card" content="summary_large_image" />
<meta name="twitter:label1" content="Tiempo de lectura" />
	<meta name="twitter:data1" content="1 minuto" />
<script type="application/ld+json" class="yoast-schema-graph">{"@context":"https:\/\/schema.org","@graph":[{"@type":"WebPage","@id":"https:\/\/af7pro.com.br\/es\/projeto\/tres-en-raya\/","url":"https:\/\/af7pro.com.br\/es\/projeto\/tres-en-raya\/","name":"Tres en raya en LED interactivo: estrategia y movimiento para captar a su público","isPartOf":{"@id":"https:\/\/af7pro.com.br\/es\/#website"},"primaryImageOfPage":{"@id":"https:\/\/af7pro.com.br\/es\/projeto\/tres-en-raya\/#primaryimage"},"image":{"@id":"https:\/\/af7pro.com.br\/es\/projeto\/tres-en-raya\/#primaryimage"},"thumbnailUrl":"https:\/\/af7pro.com.br\/wp-content\/uploads\/2025\/10\/Captura-de-Tela-2025-10-09-as-16.51.01-e1760039478645.png","datePublished":"2025-10-09T19:51:37+00:00","dateModified":"2026-04-01T17:33:53+00:00","description":"Una versión deportiva del clásico tres en raya. Los participantes chutan el balón hacia un panel de LED interactivo para marcar puntos y pueden superponer marcadores, lo que hace que la dinámica sea más competitiva y divertida. Ideal para eventos que buscan interacción y energía.","breadcrumb":{"@id":"https:\/\/af7pro.com.br\/es\/projeto\/tres-en-raya\/#breadcrumb"},"inLanguage":"es","potentialAction":[{"@type":"ReadAction","target":["https:\/\/af7pro.com.br\/es\/projeto\/tres-en-raya\/"]}]},{"@type":"ImageObject","inLanguage":"es","@id":"https:\/\/af7pro.com.br\/es\/projeto\/tres-en-raya\/#primaryimage","url":"https:\/\/af7pro.com.br\/wp-content\/uploads\/2025\/10\/Captura-de-Tela-2025-10-09-as-16.51.01-e1760039478645.png","contentUrl":"https:\/\/af7pro.com.br\/wp-content\/uploads\/2025\/10\/Captura-de-Tela-2025-10-09-as-16.51.01-e1760039478645.png","width":600,"height":316},{"@type":"BreadcrumbList","@id":"https:\/\/af7pro.com.br\/es\/projeto\/tres-en-raya\/#breadcrumb","itemListElement":[{"@type":"ListItem","position":1,"name":"Início","item":"https:\/\/af7pro.com.br\/es\/"},{"@type":"ListItem","position":2,"name":"Proyectos","item":"https:\/\/af7pro.com.br\/es\/portfolio\/"},{"@type":"ListItem","position":3,"name":"Tres en raya &#8211; anuncios"}]},{"@type":"WebSite","@id":"https:\/\/af7pro.com.br\/es\/#website","url":"https:\/\/af7pro.com.br\/es\/","name":"Af7 Pro - Tecnologia em movimento","description":"Ativações tecnológicas para eventos","publisher":{"@id":"https:\/\/af7pro.com.br\/es\/#organization"},"potentialAction":[{"@type":"SearchAction","target":{"@type":"EntryPoint","urlTemplate":"https:\/\/af7pro.com.br\/es\/?s={search_term_string}"},"query-input":{"@type":"PropertyValueSpecification","valueRequired":true,"valueName":"search_term_string"}}],"inLanguage":"es"},{"@type":"Organization","@id":"https:\/\/af7pro.com.br\/es\/#organization","name":"Af7 Pro Tecnologia em movimento","url":"https:\/\/af7pro.com.br\/es\/","logo":{"@type":"ImageObject","inLanguage":"es","@id":"https:\/\/af7pro.com.br\/es\/#\/schema\/logo\/image\/","url":"https:\/\/af7pro.com.br\/wp-content\/uploads\/2024\/07\/favico.png","contentUrl":"https:\/\/af7pro.com.br\/wp-content\/uploads\/2024\/07\/favico.png","width":512,"height":512,"caption":"Af7 Pro Tecnologia em movimento"},"image":{"@id":"https:\/\/af7pro.com.br\/es\/#\/schema\/logo\/image\/"},"sameAs":["https:\/\/www.facebook.com\/af7pro\/","https:\/\/www.linkedin.com\/company\/af7pro\/","https:\/\/pin.it\/5G9NvRlLS","https:\/\/www.instagram.com\/af7pro"]}]}</script>
<!-- / Yoast SEO plugin. -->

Tres en raya en LED interactivo: estrategia y movimiento para captar a su público

Início

Ativações tecnológicas para eventos
