{"id":1612,"date":"2025-10-09T08:30:29","date_gmt":"2025-10-09T11:30:29","guid":{"rendered":"https:\/\/af7pro.com.br\/projeto\/sensorial-anuncios\/"},"modified":"2026-04-01T14:39:25","modified_gmt":"2026-04-01T17:39:25","slug":"sensorial","status":"publish","type":"projeto","link":"https:\/\/af7pro.com.br\/es\/projeto\/sensorial\/","title":{"rendered":"sensorial &#8211; anuncios"},"featured_media":1900,"menu_order":25,"template":"","meta":{"_acf_changed":false},"exibicao":[101],"servicos_projeto":[73],"class_list":["post-1612","projeto","type-projeto","status-publish","has-post-thumbnail","hentry","exibicao-exibir-na-home","servicos_projeto-experiencias-sensoriales"],"acf":{"titulo_visual":"Cine sensorial","servico":"Inmersi\u00f3n que conecta emoci\u00f3n e informaci\u00f3n","texto":"Con elementos como aromas, viento y luces, esta activaci\u00f3n crea atm\u00f3sferas envolventes para transmitir mensajes de forma memorable. Puede adaptarse a pantallas LED, RV o formatos personalizados, garantizando impacto y compromiso.","logo_cliente":"","video":"https:\/\/vimeo.com\/1171801624"},"yoast_head":"<!-- This site is optimized with the Yoast SEO plugin v27.3 - https:\/\/yoast.com\/product\/yoast-seo-wordpress\/ -->\n<title>Cine sensorial: inmersi\u00f3n que conecta emoci\u00f3n e informaci\u00f3n<\/title>\n<meta name=\"description\" content=\"Con elementos como aromas, viento y luces, esta activaci\u00f3n crea atm\u00f3sferas envolventes para transmitir mensajes de forma memorable. Puede adaptarse a pantallas LED, RV o formatos personalizados, garantizando impacto y compromiso.\" \/>\n<meta name=\"robots\" content=\"index, follow, max-snippet:-1, max-image-preview:large, max-video-preview:-1\" \/>\n<link rel=\"canonical\" href=\"https:\/\/af7pro.com.br\/es\/projeto\/sensorial\/\" \/>\n<meta property=\"og:locale\" content=\"es_ES\" \/>\n<meta property=\"og:type\" content=\"article\" \/>\n<meta property=\"og:title\" content=\"Cine sensorial: inmersi\u00f3n que conecta emoci\u00f3n e informaci\u00f3n\" \/>\n<meta property=\"og:description\" content=\"Con elementos como aromas, viento y luces, esta activaci\u00f3n crea atm\u00f3sferas envolventes para transmitir mensajes de forma memorable. Puede adaptarse a pantallas LED, RV o formatos personalizados, garantizando impacto y compromiso.\" \/>\n<meta property=\"og:url\" content=\"https:\/\/af7pro.com.br\/es\/projeto\/sensorial\/\" \/>\n<meta property=\"og:site_name\" content=\"AF7Pro - Tecnologia em movimento\" \/>\n<meta property=\"article:publisher\" content=\"https:\/\/www.facebook.com\/af7pro\/\" \/>\n<meta property=\"article:modified_time\" content=\"2026-04-01T17:39:25+00:00\" \/>\n<meta property=\"og:image\" content=\"https:\/\/af7pro.com.br\/wp-content\/uploads\/2025\/10\/SENSORIAL.jpg\" \/>\n\t<meta property=\"og:image:width\" content=\"1000\" \/>\n\t<meta property=\"og:image:height\" content=\"1000\" \/>\n\t<meta property=\"og:image:type\" content=\"image\/jpeg\" \/>\n<meta name=\"twitter:card\" content=\"summary_large_image\" \/>\n<meta name=\"twitter:label1\" content=\"Tiempo de lectura\" \/>\n\t<meta name=\"twitter:data1\" content=\"1 minuto\" \/>\n<script type=\"application\/ld+json\" class=\"yoast-schema-graph\">{\"@context\":\"https:\\\/\\\/schema.org\",\"@graph\":[{\"@type\":\"WebPage\",\"@id\":\"https:\\\/\\\/af7pro.com.br\\\/es\\\/projeto\\\/sensorial\\\/\",\"url\":\"https:\\\/\\\/af7pro.com.br\\\/es\\\/projeto\\\/sensorial\\\/\",\"name\":\"Cine sensorial: inmersi\u00f3n que conecta emoci\u00f3n e informaci\u00f3n\",\"isPartOf\":{\"@id\":\"https:\\\/\\\/af7pro.com.br\\\/es\\\/#website\"},\"primaryImageOfPage\":{\"@id\":\"https:\\\/\\\/af7pro.com.br\\\/es\\\/projeto\\\/sensorial\\\/#primaryimage\"},\"image\":{\"@id\":\"https:\\\/\\\/af7pro.com.br\\\/es\\\/projeto\\\/sensorial\\\/#primaryimage\"},\"thumbnailUrl\":\"https:\\\/\\\/af7pro.com.br\\\/wp-content\\\/uploads\\\/2025\\\/10\\\/SENSORIAL.jpg\",\"datePublished\":\"2025-10-09T11:30:29+00:00\",\"dateModified\":\"2026-04-01T17:39:25+00:00\",\"description\":\"Con elementos como aromas, viento y luces, esta activaci\u00f3n crea atm\u00f3sferas envolventes para transmitir mensajes de forma memorable. Puede adaptarse a pantallas LED, RV o formatos personalizados, garantizando impacto y compromiso.\",\"breadcrumb\":{\"@id\":\"https:\\\/\\\/af7pro.com.br\\\/es\\\/projeto\\\/sensorial\\\/#breadcrumb\"},\"inLanguage\":\"es\",\"potentialAction\":[{\"@type\":\"ReadAction\",\"target\":[\"https:\\\/\\\/af7pro.com.br\\\/es\\\/projeto\\\/sensorial\\\/\"]}]},{\"@type\":\"ImageObject\",\"inLanguage\":\"es\",\"@id\":\"https:\\\/\\\/af7pro.com.br\\\/es\\\/projeto\\\/sensorial\\\/#primaryimage\",\"url\":\"https:\\\/\\\/af7pro.com.br\\\/wp-content\\\/uploads\\\/2025\\\/10\\\/SENSORIAL.jpg\",\"contentUrl\":\"https:\\\/\\\/af7pro.com.br\\\/wp-content\\\/uploads\\\/2025\\\/10\\\/SENSORIAL.jpg\",\"width\":1000,\"height\":1000},{\"@type\":\"BreadcrumbList\",\"@id\":\"https:\\\/\\\/af7pro.com.br\\\/es\\\/projeto\\\/sensorial\\\/#breadcrumb\",\"itemListElement\":[{\"@type\":\"ListItem\",\"position\":1,\"name\":\"In\u00edcio\",\"item\":\"https:\\\/\\\/af7pro.com.br\\\/es\\\/\"},{\"@type\":\"ListItem\",\"position\":2,\"name\":\"Proyectos\",\"item\":\"https:\\\/\\\/af7pro.com.br\\\/es\\\/portfolio\\\/\"},{\"@type\":\"ListItem\",\"position\":3,\"name\":\"sensorial &#8211; anuncios\"}]},{\"@type\":\"WebSite\",\"@id\":\"https:\\\/\\\/af7pro.com.br\\\/es\\\/#website\",\"url\":\"https:\\\/\\\/af7pro.com.br\\\/es\\\/\",\"name\":\"Af7 Pro - Tecnologia em movimento\",\"description\":\"Ativa\u00e7\u00f5es tecnol\u00f3gicas para eventos\",\"publisher\":{\"@id\":\"https:\\\/\\\/af7pro.com.br\\\/es\\\/#organization\"},\"potentialAction\":[{\"@type\":\"SearchAction\",\"target\":{\"@type\":\"EntryPoint\",\"urlTemplate\":\"https:\\\/\\\/af7pro.com.br\\\/es\\\/?s={search_term_string}\"},\"query-input\":{\"@type\":\"PropertyValueSpecification\",\"valueRequired\":true,\"valueName\":\"search_term_string\"}}],\"inLanguage\":\"es\"},{\"@type\":\"Organization\",\"@id\":\"https:\\\/\\\/af7pro.com.br\\\/es\\\/#organization\",\"name\":\"Af7 Pro Tecnologia em movimento\",\"url\":\"https:\\\/\\\/af7pro.com.br\\\/es\\\/\",\"logo\":{\"@type\":\"ImageObject\",\"inLanguage\":\"es\",\"@id\":\"https:\\\/\\\/af7pro.com.br\\\/es\\\/#\\\/schema\\\/logo\\\/image\\\/\",\"url\":\"https:\\\/\\\/af7pro.com.br\\\/wp-content\\\/uploads\\\/2024\\\/07\\\/favico.png\",\"contentUrl\":\"https:\\\/\\\/af7pro.com.br\\\/wp-content\\\/uploads\\\/2024\\\/07\\\/favico.png\",\"width\":512,\"height\":512,\"caption\":\"Af7 Pro Tecnologia em movimento\"},\"image\":{\"@id\":\"https:\\\/\\\/af7pro.com.br\\\/es\\\/#\\\/schema\\\/logo\\\/image\\\/\"},\"sameAs\":[\"https:\\\/\\\/www.facebook.com\\\/af7pro\\\/\",\"https:\\\/\\\/www.linkedin.com\\\/company\\\/af7pro\\\/\",\"https:\\\/\\\/pin.it\\\/5G9NvRlLS\",\"https:\\\/\\\/www.instagram.com\\\/af7pro\"]}]}<\/script>\n<!-- \/ Yoast SEO plugin. -->","yoast_head_json":{"title":"Cine sensorial: inmersi\u00f3n que conecta emoci\u00f3n e informaci\u00f3n","description":"Con elementos como aromas, viento y luces, esta activaci\u00f3n crea atm\u00f3sferas envolventes para transmitir mensajes de forma memorable. Puede adaptarse a pantallas LED, RV o formatos personalizados, garantizando impacto y compromiso.","robots":{"index":"index","follow":"follow","max-snippet":"max-snippet:-1","max-image-preview":"max-image-preview:large","max-video-preview":"max-video-preview:-1"},"canonical":"https:\/\/af7pro.com.br\/es\/projeto\/sensorial\/","og_locale":"es_ES","og_type":"article","og_title":"Cine sensorial: inmersi\u00f3n que conecta emoci\u00f3n e informaci\u00f3n","og_description":"Con elementos como aromas, viento y luces, esta activaci\u00f3n crea atm\u00f3sferas envolventes para transmitir mensajes de forma memorable. Puede adaptarse a pantallas LED, RV o formatos personalizados, garantizando impacto y compromiso.","og_url":"https:\/\/af7pro.com.br\/es\/projeto\/sensorial\/","og_site_name":"AF7Pro - Tecnologia em movimento","article_publisher":"https:\/\/www.facebook.com\/af7pro\/","article_modified_time":"2026-04-01T17:39:25+00:00","og_image":[{"width":1000,"height":1000,"url":"https:\/\/af7pro.com.br\/wp-content\/uploads\/2025\/10\/SENSORIAL.jpg","type":"image\/jpeg"}],"twitter_card":"summary_large_image","twitter_misc":{"Tiempo de lectura":"1 minuto"},"schema":{"@context":"https:\/\/schema.org","@graph":[{"@type":"WebPage","@id":"https:\/\/af7pro.com.br\/es\/projeto\/sensorial\/","url":"https:\/\/af7pro.com.br\/es\/projeto\/sensorial\/","name":"Cine sensorial: inmersi\u00f3n que conecta emoci\u00f3n e informaci\u00f3n","isPartOf":{"@id":"https:\/\/af7pro.com.br\/es\/#website"},"primaryImageOfPage":{"@id":"https:\/\/af7pro.com.br\/es\/projeto\/sensorial\/#primaryimage"},"image":{"@id":"https:\/\/af7pro.com.br\/es\/projeto\/sensorial\/#primaryimage"},"thumbnailUrl":"https:\/\/af7pro.com.br\/wp-content\/uploads\/2025\/10\/SENSORIAL.jpg","datePublished":"2025-10-09T11:30:29+00:00","dateModified":"2026-04-01T17:39:25+00:00","description":"Con elementos como aromas, viento y luces, esta activaci\u00f3n crea atm\u00f3sferas envolventes para transmitir mensajes de forma memorable. Puede adaptarse a pantallas LED, RV o formatos personalizados, garantizando impacto y compromiso.","breadcrumb":{"@id":"https:\/\/af7pro.com.br\/es\/projeto\/sensorial\/#breadcrumb"},"inLanguage":"es","potentialAction":[{"@type":"ReadAction","target":["https:\/\/af7pro.com.br\/es\/projeto\/sensorial\/"]}]},{"@type":"ImageObject","inLanguage":"es","@id":"https:\/\/af7pro.com.br\/es\/projeto\/sensorial\/#primaryimage","url":"https:\/\/af7pro.com.br\/wp-content\/uploads\/2025\/10\/SENSORIAL.jpg","contentUrl":"https:\/\/af7pro.com.br\/wp-content\/uploads\/2025\/10\/SENSORIAL.jpg","width":1000,"height":1000},{"@type":"BreadcrumbList","@id":"https:\/\/af7pro.com.br\/es\/projeto\/sensorial\/#breadcrumb","itemListElement":[{"@type":"ListItem","position":1,"name":"In\u00edcio","item":"https:\/\/af7pro.com.br\/es\/"},{"@type":"ListItem","position":2,"name":"Proyectos","item":"https:\/\/af7pro.com.br\/es\/portfolio\/"},{"@type":"ListItem","position":3,"name":"sensorial &#8211; anuncios"}]},{"@type":"WebSite","@id":"https:\/\/af7pro.com.br\/es\/#website","url":"https:\/\/af7pro.com.br\/es\/","name":"Af7 Pro - Tecnologia em movimento","description":"Ativa\u00e7\u00f5es tecnol\u00f3gicas para eventos","publisher":{"@id":"https:\/\/af7pro.com.br\/es\/#organization"},"potentialAction":[{"@type":"SearchAction","target":{"@type":"EntryPoint","urlTemplate":"https:\/\/af7pro.com.br\/es\/?s={search_term_string}"},"query-input":{"@type":"PropertyValueSpecification","valueRequired":true,"valueName":"search_term_string"}}],"inLanguage":"es"},{"@type":"Organization","@id":"https:\/\/af7pro.com.br\/es\/#organization","name":"Af7 Pro Tecnologia em movimento","url":"https:\/\/af7pro.com.br\/es\/","logo":{"@type":"ImageObject","inLanguage":"es","@id":"https:\/\/af7pro.com.br\/es\/#\/schema\/logo\/image\/","url":"https:\/\/af7pro.com.br\/wp-content\/uploads\/2024\/07\/favico.png","contentUrl":"https:\/\/af7pro.com.br\/wp-content\/uploads\/2024\/07\/favico.png","width":512,"height":512,"caption":"Af7 Pro Tecnologia em movimento"},"image":{"@id":"https:\/\/af7pro.com.br\/es\/#\/schema\/logo\/image\/"},"sameAs":["https:\/\/www.facebook.com\/af7pro\/","https:\/\/www.linkedin.com\/company\/af7pro\/","https:\/\/pin.it\/5G9NvRlLS","https:\/\/www.instagram.com\/af7pro"]}]}},"_links":{"self":[{"href":"https:\/\/af7pro.com.br\/es\/wp-json\/wp\/v2\/projeto\/1612","targetHints":{"allow":["GET"]}}],"collection":[{"href":"https:\/\/af7pro.com.br\/es\/wp-json\/wp\/v2\/projeto"}],"about":[{"href":"https:\/\/af7pro.com.br\/es\/wp-json\/wp\/v2\/types\/projeto"}],"wp:featuredmedia":[{"embeddable":true,"href":"https:\/\/af7pro.com.br\/es\/wp-json\/wp\/v2\/media\/1900"}],"wp:attachment":[{"href":"https:\/\/af7pro.com.br\/es\/wp-json\/wp\/v2\/media?parent=1612"}],"wp:term":[{"taxonomy":"exibicao","embeddable":true,"href":"https:\/\/af7pro.com.br\/es\/wp-json\/wp\/v2\/exibicao?post=1612"},{"taxonomy":"servicos_projeto","embeddable":true,"href":"https:\/\/af7pro.com.br\/es\/wp-json\/wp\/v2\/servicos_projeto?post=1612"}],"curies":[{"name":"wp","href":"https:\/\/api.w.org\/{rel}","templated":true}]}}

Inmersión que conecta emoción e información

Con elementos como aromas, viento y luces, esta activación crea atmósferas envolventes para transmitir mensajes de forma memorable. Puede adaptarse a pantallas LED, RV o formatos personalizados, garantizando impacto y compromiso.

<!-- This site is optimized with the Yoast SEO plugin v27.3 - https://yoast.com/product/yoast-seo-wordpress/ -->
<title>Cine sensorial: inmersión que conecta emoción e información</title>
<meta name="description" content="Con elementos como aromas, viento y luces, esta activación crea atmósferas envolventes para transmitir mensajes de forma memorable. Puede adaptarse a pantallas LED, RV o formatos personalizados, garantizando impacto y compromiso." />
<meta name="robots" content="index, follow, max-snippet:-1, max-image-preview:large, max-video-preview:-1" />
<link rel="canonical" href="https://af7pro.com.br/es/projeto/sensorial/" />
<meta property="og:locale" content="es_ES" />
<meta property="og:type" content="article" />
<meta property="og:title" content="Cine sensorial: inmersión que conecta emoción e información" />
<meta property="og:description" content="Con elementos como aromas, viento y luces, esta activación crea atmósferas envolventes para transmitir mensajes de forma memorable. Puede adaptarse a pantallas LED, RV o formatos personalizados, garantizando impacto y compromiso." />
<meta property="og:url" content="https://af7pro.com.br/es/projeto/sensorial/" />
<meta property="og:site_name" content="AF7Pro - Tecnologia em movimento" />
<meta property="article:publisher" content="https://www.facebook.com/af7pro/" />
<meta property="article:modified_time" content="2026-04-01T17:39:25+00:00" />
<meta property="og:image" content="https://af7pro.com.br/wp-content/uploads/2025/10/SENSORIAL.jpg" />
	<meta property="og:image:width" content="1000" />
	<meta property="og:image:height" content="1000" />
	<meta property="og:image:type" content="image/jpeg" />
<meta name="twitter:card" content="summary_large_image" />
<meta name="twitter:label1" content="Tiempo de lectura" />
	<meta name="twitter:data1" content="1 minuto" />
<script type="application/ld+json" class="yoast-schema-graph">{"@context":"https:\/\/schema.org","@graph":[{"@type":"WebPage","@id":"https:\/\/af7pro.com.br\/es\/projeto\/sensorial\/","url":"https:\/\/af7pro.com.br\/es\/projeto\/sensorial\/","name":"Cine sensorial: inmersión que conecta emoción e información","isPartOf":{"@id":"https:\/\/af7pro.com.br\/es\/#website"},"primaryImageOfPage":{"@id":"https:\/\/af7pro.com.br\/es\/projeto\/sensorial\/#primaryimage"},"image":{"@id":"https:\/\/af7pro.com.br\/es\/projeto\/sensorial\/#primaryimage"},"thumbnailUrl":"https:\/\/af7pro.com.br\/wp-content\/uploads\/2025\/10\/SENSORIAL.jpg","datePublished":"2025-10-09T11:30:29+00:00","dateModified":"2026-04-01T17:39:25+00:00","description":"Con elementos como aromas, viento y luces, esta activación crea atmósferas envolventes para transmitir mensajes de forma memorable. Puede adaptarse a pantallas LED, RV o formatos personalizados, garantizando impacto y compromiso.","breadcrumb":{"@id":"https:\/\/af7pro.com.br\/es\/projeto\/sensorial\/#breadcrumb"},"inLanguage":"es","potentialAction":[{"@type":"ReadAction","target":["https:\/\/af7pro.com.br\/es\/projeto\/sensorial\/"]}]},{"@type":"ImageObject","inLanguage":"es","@id":"https:\/\/af7pro.com.br\/es\/projeto\/sensorial\/#primaryimage","url":"https:\/\/af7pro.com.br\/wp-content\/uploads\/2025\/10\/SENSORIAL.jpg","contentUrl":"https:\/\/af7pro.com.br\/wp-content\/uploads\/2025\/10\/SENSORIAL.jpg","width":1000,"height":1000},{"@type":"BreadcrumbList","@id":"https:\/\/af7pro.com.br\/es\/projeto\/sensorial\/#breadcrumb","itemListElement":[{"@type":"ListItem","position":1,"name":"Início","item":"https:\/\/af7pro.com.br\/es\/"},{"@type":"ListItem","position":2,"name":"Proyectos","item":"https:\/\/af7pro.com.br\/es\/portfolio\/"},{"@type":"ListItem","position":3,"name":"sensorial &#8211; anuncios"}]},{"@type":"WebSite","@id":"https:\/\/af7pro.com.br\/es\/#website","url":"https:\/\/af7pro.com.br\/es\/","name":"Af7 Pro - Tecnologia em movimento","description":"Ativações tecnológicas para eventos","publisher":{"@id":"https:\/\/af7pro.com.br\/es\/#organization"},"potentialAction":[{"@type":"SearchAction","target":{"@type":"EntryPoint","urlTemplate":"https:\/\/af7pro.com.br\/es\/?s={search_term_string}"},"query-input":{"@type":"PropertyValueSpecification","valueRequired":true,"valueName":"search_term_string"}}],"inLanguage":"es"},{"@type":"Organization","@id":"https:\/\/af7pro.com.br\/es\/#organization","name":"Af7 Pro Tecnologia em movimento","url":"https:\/\/af7pro.com.br\/es\/","logo":{"@type":"ImageObject","inLanguage":"es","@id":"https:\/\/af7pro.com.br\/es\/#\/schema\/logo\/image\/","url":"https:\/\/af7pro.com.br\/wp-content\/uploads\/2024\/07\/favico.png","contentUrl":"https:\/\/af7pro.com.br\/wp-content\/uploads\/2024\/07\/favico.png","width":512,"height":512,"caption":"Af7 Pro Tecnologia em movimento"},"image":{"@id":"https:\/\/af7pro.com.br\/es\/#\/schema\/logo\/image\/"},"sameAs":["https:\/\/www.facebook.com\/af7pro\/","https:\/\/www.linkedin.com\/company\/af7pro\/","https:\/\/pin.it\/5G9NvRlLS","https:\/\/www.instagram.com\/af7pro"]}]}</script>
<!-- / Yoast SEO plugin. -->

Cine sensorial: inmersión que conecta emoción e información

Início

Ativações tecnológicas para eventos
