{"id":1625,"date":"2025-06-27T17:01:35","date_gmt":"2025-06-27T20:01:35","guid":{"rendered":"https:\/\/af7pro.com.br\/projeto\/domo-inmersivo\/"},"modified":"2026-04-01T15:22:09","modified_gmt":"2026-04-01T18:22:09","slug":"domo-inmersivo","status":"publish","type":"projeto","link":"https:\/\/af7pro.com.br\/es\/projeto\/domo-inmersivo\/","title":{"rendered":"Domo inmersivo"},"featured_media":1032,"menu_order":63,"template":"","meta":{"_acf_changed":false},"exibicao":[101],"servicos_projeto":[75],"class_list":["post-1625","projeto","type-projeto","status-publish","has-post-thumbnail","hentry","exibicao-exibir-na-home","servicos_projeto-domo-inmersivo"],"acf":{"titulo_visual":"Domo inmersivo","servico":"Una experiencia \u00fanica donde los visitantes pueden explorar el contenido de una manera intuitiva y altamente tecnol\u00f3gica.","texto":"<p style=\"text-align: left;\">Pantallas LED forman una estructura circular que crea un portal visual con animaciones digitales y efectos de luz, reforzando la sensaci\u00f3n de inmersi\u00f3n.\r\nEn un panel de control interactivo, los usuarios seleccionan el contenido, y este se proyecta en todas las pantallas, combinando audio, video, animaciones y elementos gr\u00e1ficos sincronizados con la estructura iluminada.\r\nEl resultado es una presentaci\u00f3n clara, moderna y altamente tecnol\u00f3gica para mostrar informaci\u00f3n y contar historias de una manera distintiva.<\/p>","logo_cliente":"","video":"https:\/\/vimeo.com\/1177158675"},"yoast_head":"<!-- This site is optimized with the Yoast SEO plugin v27.3 - https:\/\/yoast.com\/product\/yoast-seo-wordpress\/ -->\n<title>Domo inmersivo - AF7Pro - Tecnologia em movimento<\/title>\n<meta name=\"description\" content=\"En FebrabanTech 2025, preparado para el estand de Serasa: un domo interactivo con proyecciones en 360\u00ba y navegaci\u00f3n personalizada.\" \/>\n<meta name=\"robots\" content=\"index, follow, max-snippet:-1, max-image-preview:large, max-video-preview:-1\" \/>\n<link rel=\"canonical\" href=\"https:\/\/af7pro.com.br\/es\/projeto\/domo-inmersivo\/\" \/>\n<meta property=\"og:locale\" content=\"es_ES\" \/>\n<meta property=\"og:type\" content=\"article\" \/>\n<meta property=\"og:title\" content=\"Domo inmersivo - AF7Pro - Tecnologia em movimento\" \/>\n<meta property=\"og:description\" content=\"En FebrabanTech 2025, preparado para el estand de Serasa: un domo interactivo con proyecciones en 360\u00ba y navegaci\u00f3n personalizada.\" \/>\n<meta property=\"og:url\" content=\"https:\/\/af7pro.com.br\/es\/projeto\/domo-inmersivo\/\" \/>\n<meta property=\"og:site_name\" content=\"AF7Pro - Tecnologia em movimento\" \/>\n<meta property=\"article:publisher\" content=\"https:\/\/www.facebook.com\/af7pro\/\" \/>\n<meta property=\"article:modified_time\" content=\"2026-04-01T18:22:09+00:00\" \/>\n<meta property=\"og:image\" content=\"https:\/\/af7pro.com.br\/wp-content\/uploads\/2025\/06\/CAPA-SITE-DOMO-e1751982936364.png\" \/>\n\t<meta property=\"og:image:width\" content=\"700\" \/>\n\t<meta property=\"og:image:height\" content=\"394\" \/>\n\t<meta property=\"og:image:type\" content=\"image\/png\" \/>\n<meta name=\"twitter:card\" content=\"summary_large_image\" \/>\n<meta name=\"twitter:label1\" content=\"Tiempo de lectura\" \/>\n\t<meta name=\"twitter:data1\" content=\"1 minuto\" \/>\n<script type=\"application\/ld+json\" class=\"yoast-schema-graph\">{\"@context\":\"https:\\\/\\\/schema.org\",\"@graph\":[{\"@type\":\"WebPage\",\"@id\":\"https:\\\/\\\/af7pro.com.br\\\/es\\\/projeto\\\/domo-inmersivo\\\/\",\"url\":\"https:\\\/\\\/af7pro.com.br\\\/es\\\/projeto\\\/domo-inmersivo\\\/\",\"name\":\"Domo inmersivo - AF7Pro - Tecnologia em movimento\",\"isPartOf\":{\"@id\":\"https:\\\/\\\/af7pro.com.br\\\/es\\\/#website\"},\"primaryImageOfPage\":{\"@id\":\"https:\\\/\\\/af7pro.com.br\\\/es\\\/projeto\\\/domo-inmersivo\\\/#primaryimage\"},\"image\":{\"@id\":\"https:\\\/\\\/af7pro.com.br\\\/es\\\/projeto\\\/domo-inmersivo\\\/#primaryimage\"},\"thumbnailUrl\":\"https:\\\/\\\/af7pro.com.br\\\/wp-content\\\/uploads\\\/2025\\\/06\\\/CAPA-SITE-DOMO-e1751982936364.png\",\"datePublished\":\"2025-06-27T20:01:35+00:00\",\"dateModified\":\"2026-04-01T18:22:09+00:00\",\"description\":\"En FebrabanTech 2025, preparado para el estand de Serasa: un domo interactivo con proyecciones en 360\u00ba y navegaci\u00f3n personalizada.\",\"breadcrumb\":{\"@id\":\"https:\\\/\\\/af7pro.com.br\\\/es\\\/projeto\\\/domo-inmersivo\\\/#breadcrumb\"},\"inLanguage\":\"es\",\"potentialAction\":[{\"@type\":\"ReadAction\",\"target\":[\"https:\\\/\\\/af7pro.com.br\\\/es\\\/projeto\\\/domo-inmersivo\\\/\"]}]},{\"@type\":\"ImageObject\",\"inLanguage\":\"es\",\"@id\":\"https:\\\/\\\/af7pro.com.br\\\/es\\\/projeto\\\/domo-inmersivo\\\/#primaryimage\",\"url\":\"https:\\\/\\\/af7pro.com.br\\\/wp-content\\\/uploads\\\/2025\\\/06\\\/CAPA-SITE-DOMO-e1751982936364.png\",\"contentUrl\":\"https:\\\/\\\/af7pro.com.br\\\/wp-content\\\/uploads\\\/2025\\\/06\\\/CAPA-SITE-DOMO-e1751982936364.png\",\"width\":700,\"height\":394},{\"@type\":\"BreadcrumbList\",\"@id\":\"https:\\\/\\\/af7pro.com.br\\\/es\\\/projeto\\\/domo-inmersivo\\\/#breadcrumb\",\"itemListElement\":[{\"@type\":\"ListItem\",\"position\":1,\"name\":\"In\u00edcio\",\"item\":\"https:\\\/\\\/af7pro.com.br\\\/es\\\/\"},{\"@type\":\"ListItem\",\"position\":2,\"name\":\"Proyectos\",\"item\":\"https:\\\/\\\/af7pro.com.br\\\/es\\\/portfolio\\\/\"},{\"@type\":\"ListItem\",\"position\":3,\"name\":\"Domo inmersivo\"}]},{\"@type\":\"WebSite\",\"@id\":\"https:\\\/\\\/af7pro.com.br\\\/es\\\/#website\",\"url\":\"https:\\\/\\\/af7pro.com.br\\\/es\\\/\",\"name\":\"Af7 Pro - Tecnologia em movimento\",\"description\":\"Ativa\u00e7\u00f5es tecnol\u00f3gicas para eventos\",\"publisher\":{\"@id\":\"https:\\\/\\\/af7pro.com.br\\\/es\\\/#organization\"},\"potentialAction\":[{\"@type\":\"SearchAction\",\"target\":{\"@type\":\"EntryPoint\",\"urlTemplate\":\"https:\\\/\\\/af7pro.com.br\\\/es\\\/?s={search_term_string}\"},\"query-input\":{\"@type\":\"PropertyValueSpecification\",\"valueRequired\":true,\"valueName\":\"search_term_string\"}}],\"inLanguage\":\"es\"},{\"@type\":\"Organization\",\"@id\":\"https:\\\/\\\/af7pro.com.br\\\/es\\\/#organization\",\"name\":\"Af7 Pro Tecnologia em movimento\",\"url\":\"https:\\\/\\\/af7pro.com.br\\\/es\\\/\",\"logo\":{\"@type\":\"ImageObject\",\"inLanguage\":\"es\",\"@id\":\"https:\\\/\\\/af7pro.com.br\\\/es\\\/#\\\/schema\\\/logo\\\/image\\\/\",\"url\":\"https:\\\/\\\/af7pro.com.br\\\/wp-content\\\/uploads\\\/2024\\\/07\\\/favico.png\",\"contentUrl\":\"https:\\\/\\\/af7pro.com.br\\\/wp-content\\\/uploads\\\/2024\\\/07\\\/favico.png\",\"width\":512,\"height\":512,\"caption\":\"Af7 Pro Tecnologia em movimento\"},\"image\":{\"@id\":\"https:\\\/\\\/af7pro.com.br\\\/es\\\/#\\\/schema\\\/logo\\\/image\\\/\"},\"sameAs\":[\"https:\\\/\\\/www.facebook.com\\\/af7pro\\\/\",\"https:\\\/\\\/www.linkedin.com\\\/company\\\/af7pro\\\/\",\"https:\\\/\\\/pin.it\\\/5G9NvRlLS\",\"https:\\\/\\\/www.instagram.com\\\/af7pro\"]}]}<\/script>\n<!-- \/ Yoast SEO plugin. -->","yoast_head_json":{"title":"Domo inmersivo - AF7Pro - Tecnologia em movimento","description":"En FebrabanTech 2025, preparado para el estand de Serasa: un domo interactivo con proyecciones en 360\u00ba y navegaci\u00f3n personalizada.","robots":{"index":"index","follow":"follow","max-snippet":"max-snippet:-1","max-image-preview":"max-image-preview:large","max-video-preview":"max-video-preview:-1"},"canonical":"https:\/\/af7pro.com.br\/es\/projeto\/domo-inmersivo\/","og_locale":"es_ES","og_type":"article","og_title":"Domo inmersivo - AF7Pro - Tecnologia em movimento","og_description":"En FebrabanTech 2025, preparado para el estand de Serasa: un domo interactivo con proyecciones en 360\u00ba y navegaci\u00f3n personalizada.","og_url":"https:\/\/af7pro.com.br\/es\/projeto\/domo-inmersivo\/","og_site_name":"AF7Pro - Tecnologia em movimento","article_publisher":"https:\/\/www.facebook.com\/af7pro\/","article_modified_time":"2026-04-01T18:22:09+00:00","og_image":[{"width":700,"height":394,"url":"https:\/\/af7pro.com.br\/wp-content\/uploads\/2025\/06\/CAPA-SITE-DOMO-e1751982936364.png","type":"image\/png"}],"twitter_card":"summary_large_image","twitter_misc":{"Tiempo de lectura":"1 minuto"},"schema":{"@context":"https:\/\/schema.org","@graph":[{"@type":"WebPage","@id":"https:\/\/af7pro.com.br\/es\/projeto\/domo-inmersivo\/","url":"https:\/\/af7pro.com.br\/es\/projeto\/domo-inmersivo\/","name":"Domo inmersivo - AF7Pro - Tecnologia em movimento","isPartOf":{"@id":"https:\/\/af7pro.com.br\/es\/#website"},"primaryImageOfPage":{"@id":"https:\/\/af7pro.com.br\/es\/projeto\/domo-inmersivo\/#primaryimage"},"image":{"@id":"https:\/\/af7pro.com.br\/es\/projeto\/domo-inmersivo\/#primaryimage"},"thumbnailUrl":"https:\/\/af7pro.com.br\/wp-content\/uploads\/2025\/06\/CAPA-SITE-DOMO-e1751982936364.png","datePublished":"2025-06-27T20:01:35+00:00","dateModified":"2026-04-01T18:22:09+00:00","description":"En FebrabanTech 2025, preparado para el estand de Serasa: un domo interactivo con proyecciones en 360\u00ba y navegaci\u00f3n personalizada.","breadcrumb":{"@id":"https:\/\/af7pro.com.br\/es\/projeto\/domo-inmersivo\/#breadcrumb"},"inLanguage":"es","potentialAction":[{"@type":"ReadAction","target":["https:\/\/af7pro.com.br\/es\/projeto\/domo-inmersivo\/"]}]},{"@type":"ImageObject","inLanguage":"es","@id":"https:\/\/af7pro.com.br\/es\/projeto\/domo-inmersivo\/#primaryimage","url":"https:\/\/af7pro.com.br\/wp-content\/uploads\/2025\/06\/CAPA-SITE-DOMO-e1751982936364.png","contentUrl":"https:\/\/af7pro.com.br\/wp-content\/uploads\/2025\/06\/CAPA-SITE-DOMO-e1751982936364.png","width":700,"height":394},{"@type":"BreadcrumbList","@id":"https:\/\/af7pro.com.br\/es\/projeto\/domo-inmersivo\/#breadcrumb","itemListElement":[{"@type":"ListItem","position":1,"name":"In\u00edcio","item":"https:\/\/af7pro.com.br\/es\/"},{"@type":"ListItem","position":2,"name":"Proyectos","item":"https:\/\/af7pro.com.br\/es\/portfolio\/"},{"@type":"ListItem","position":3,"name":"Domo inmersivo"}]},{"@type":"WebSite","@id":"https:\/\/af7pro.com.br\/es\/#website","url":"https:\/\/af7pro.com.br\/es\/","name":"Af7 Pro - Tecnologia em movimento","description":"Ativa\u00e7\u00f5es tecnol\u00f3gicas para eventos","publisher":{"@id":"https:\/\/af7pro.com.br\/es\/#organization"},"potentialAction":[{"@type":"SearchAction","target":{"@type":"EntryPoint","urlTemplate":"https:\/\/af7pro.com.br\/es\/?s={search_term_string}"},"query-input":{"@type":"PropertyValueSpecification","valueRequired":true,"valueName":"search_term_string"}}],"inLanguage":"es"},{"@type":"Organization","@id":"https:\/\/af7pro.com.br\/es\/#organization","name":"Af7 Pro Tecnologia em movimento","url":"https:\/\/af7pro.com.br\/es\/","logo":{"@type":"ImageObject","inLanguage":"es","@id":"https:\/\/af7pro.com.br\/es\/#\/schema\/logo\/image\/","url":"https:\/\/af7pro.com.br\/wp-content\/uploads\/2024\/07\/favico.png","contentUrl":"https:\/\/af7pro.com.br\/wp-content\/uploads\/2024\/07\/favico.png","width":512,"height":512,"caption":"Af7 Pro Tecnologia em movimento"},"image":{"@id":"https:\/\/af7pro.com.br\/es\/#\/schema\/logo\/image\/"},"sameAs":["https:\/\/www.facebook.com\/af7pro\/","https:\/\/www.linkedin.com\/company\/af7pro\/","https:\/\/pin.it\/5G9NvRlLS","https:\/\/www.instagram.com\/af7pro"]}]}},"_links":{"self":[{"href":"https:\/\/af7pro.com.br\/es\/wp-json\/wp\/v2\/projeto\/1625","targetHints":{"allow":["GET"]}}],"collection":[{"href":"https:\/\/af7pro.com.br\/es\/wp-json\/wp\/v2\/projeto"}],"about":[{"href":"https:\/\/af7pro.com.br\/es\/wp-json\/wp\/v2\/types\/projeto"}],"wp:featuredmedia":[{"embeddable":true,"href":"https:\/\/af7pro.com.br\/es\/wp-json\/wp\/v2\/media\/1032"}],"wp:attachment":[{"href":"https:\/\/af7pro.com.br\/es\/wp-json\/wp\/v2\/media?parent=1625"}],"wp:term":[{"taxonomy":"exibicao","embeddable":true,"href":"https:\/\/af7pro.com.br\/es\/wp-json\/wp\/v2\/exibicao?post=1625"},{"taxonomy":"servicos_projeto","embeddable":true,"href":"https:\/\/af7pro.com.br\/es\/wp-json\/wp\/v2\/servicos_projeto?post=1625"}],"curies":[{"name":"wp","href":"https:\/\/api.w.org\/{rel}","templated":true}]}}

Una experiencia única donde los visitantes pueden explorar el contenido de una manera intuitiva y altamente tecnológica.

<p style="text-align: left;">Pantallas LED forman una estructura circular que crea un portal visual con animaciones digitales y efectos de luz, reforzando la sensación de inmersión.
En un panel de control interactivo, los usuarios seleccionan el contenido, y este se proyecta en todas las pantallas, combinando audio, video, animaciones y elementos gráficos sincronizados con la estructura iluminada.
El resultado es una presentación clara, moderna y altamente tecnológica para mostrar información y contar historias de una manera distintiva.</p>

<!-- This site is optimized with the Yoast SEO plugin v27.3 - https://yoast.com/product/yoast-seo-wordpress/ -->
<title>Domo inmersivo - AF7Pro - Tecnologia em movimento</title>
<meta name="description" content="En FebrabanTech 2025, preparado para el estand de Serasa: un domo interactivo con proyecciones en 360º y navegación personalizada." />
<meta name="robots" content="index, follow, max-snippet:-1, max-image-preview:large, max-video-preview:-1" />
<link rel="canonical" href="https://af7pro.com.br/es/projeto/domo-inmersivo/" />
<meta property="og:locale" content="es_ES" />
<meta property="og:type" content="article" />
<meta property="og:title" content="Domo inmersivo - AF7Pro - Tecnologia em movimento" />
<meta property="og:description" content="En FebrabanTech 2025, preparado para el estand de Serasa: un domo interactivo con proyecciones en 360º y navegación personalizada." />
<meta property="og:url" content="https://af7pro.com.br/es/projeto/domo-inmersivo/" />
<meta property="og:site_name" content="AF7Pro - Tecnologia em movimento" />
<meta property="article:publisher" content="https://www.facebook.com/af7pro/" />
<meta property="article:modified_time" content="2026-04-01T18:22:09+00:00" />
<meta property="og:image" content="https://af7pro.com.br/wp-content/uploads/2025/06/CAPA-SITE-DOMO-e1751982936364.png" />
	<meta property="og:image:width" content="700" />
	<meta property="og:image:height" content="394" />
	<meta property="og:image:type" content="image/png" />
<meta name="twitter:card" content="summary_large_image" />
<meta name="twitter:label1" content="Tiempo de lectura" />
	<meta name="twitter:data1" content="1 minuto" />
<script type="application/ld+json" class="yoast-schema-graph">{"@context":"https:\/\/schema.org","@graph":[{"@type":"WebPage","@id":"https:\/\/af7pro.com.br\/es\/projeto\/domo-inmersivo\/","url":"https:\/\/af7pro.com.br\/es\/projeto\/domo-inmersivo\/","name":"Domo inmersivo - AF7Pro - Tecnologia em movimento","isPartOf":{"@id":"https:\/\/af7pro.com.br\/es\/#website"},"primaryImageOfPage":{"@id":"https:\/\/af7pro.com.br\/es\/projeto\/domo-inmersivo\/#primaryimage"},"image":{"@id":"https:\/\/af7pro.com.br\/es\/projeto\/domo-inmersivo\/#primaryimage"},"thumbnailUrl":"https:\/\/af7pro.com.br\/wp-content\/uploads\/2025\/06\/CAPA-SITE-DOMO-e1751982936364.png","datePublished":"2025-06-27T20:01:35+00:00","dateModified":"2026-04-01T18:22:09+00:00","description":"En FebrabanTech 2025, preparado para el estand de Serasa: un domo interactivo con proyecciones en 360º y navegación personalizada.","breadcrumb":{"@id":"https:\/\/af7pro.com.br\/es\/projeto\/domo-inmersivo\/#breadcrumb"},"inLanguage":"es","potentialAction":[{"@type":"ReadAction","target":["https:\/\/af7pro.com.br\/es\/projeto\/domo-inmersivo\/"]}]},{"@type":"ImageObject","inLanguage":"es","@id":"https:\/\/af7pro.com.br\/es\/projeto\/domo-inmersivo\/#primaryimage","url":"https:\/\/af7pro.com.br\/wp-content\/uploads\/2025\/06\/CAPA-SITE-DOMO-e1751982936364.png","contentUrl":"https:\/\/af7pro.com.br\/wp-content\/uploads\/2025\/06\/CAPA-SITE-DOMO-e1751982936364.png","width":700,"height":394},{"@type":"BreadcrumbList","@id":"https:\/\/af7pro.com.br\/es\/projeto\/domo-inmersivo\/#breadcrumb","itemListElement":[{"@type":"ListItem","position":1,"name":"Início","item":"https:\/\/af7pro.com.br\/es\/"},{"@type":"ListItem","position":2,"name":"Proyectos","item":"https:\/\/af7pro.com.br\/es\/portfolio\/"},{"@type":"ListItem","position":3,"name":"Domo inmersivo"}]},{"@type":"WebSite","@id":"https:\/\/af7pro.com.br\/es\/#website","url":"https:\/\/af7pro.com.br\/es\/","name":"Af7 Pro - Tecnologia em movimento","description":"Ativações tecnológicas para eventos","publisher":{"@id":"https:\/\/af7pro.com.br\/es\/#organization"},"potentialAction":[{"@type":"SearchAction","target":{"@type":"EntryPoint","urlTemplate":"https:\/\/af7pro.com.br\/es\/?s={search_term_string}"},"query-input":{"@type":"PropertyValueSpecification","valueRequired":true,"valueName":"search_term_string"}}],"inLanguage":"es"},{"@type":"Organization","@id":"https:\/\/af7pro.com.br\/es\/#organization","name":"Af7 Pro Tecnologia em movimento","url":"https:\/\/af7pro.com.br\/es\/","logo":{"@type":"ImageObject","inLanguage":"es","@id":"https:\/\/af7pro.com.br\/es\/#\/schema\/logo\/image\/","url":"https:\/\/af7pro.com.br\/wp-content\/uploads\/2024\/07\/favico.png","contentUrl":"https:\/\/af7pro.com.br\/wp-content\/uploads\/2024\/07\/favico.png","width":512,"height":512,"caption":"Af7 Pro Tecnologia em movimento"},"image":{"@id":"https:\/\/af7pro.com.br\/es\/#\/schema\/logo\/image\/"},"sameAs":["https:\/\/www.facebook.com\/af7pro\/","https:\/\/www.linkedin.com\/company\/af7pro\/","https:\/\/pin.it\/5G9NvRlLS","https:\/\/www.instagram.com\/af7pro"]}]}</script>
<!-- / Yoast SEO plugin. -->

En FebrabanTech 2025, preparado para el estand de Serasa: un domo interactivo con proyecciones en 360º y navegación personalizada.

Início

Ativações tecnológicas para eventos
