{"id":1642,"date":"2025-09-16T23:08:21","date_gmt":"2025-09-17T02:08:21","guid":{"rendered":"https:\/\/af7pro.com.br\/projeto\/astrazeneca-neuro-connect\/"},"modified":"2025-09-16T23:08:21","modified_gmt":"2025-09-17T02:08:21","slug":"astrazeneca-neuro-connect","status":"publish","type":"projeto","link":"https:\/\/af7pro.com.br\/es\/projeto\/astrazeneca-neuro-connect\/","title":{"rendered":"AstraZeneca &#8211; Neuro Connect"},"featured_media":997,"menu_order":39,"template":"","meta":{"_acf_changed":false},"exibicao":[],"servicos_projeto":[71],"class_list":["post-1642","projeto","type-projeto","status-publish","has-post-thumbnail","hentry","servicos_projeto-eventos"],"acf":{"titulo_visual":"Neuro Connect","servico":"AstraZeneca","texto":"Tres activaciones, una experiencia futurista.\nDurante el evento NeuroConnect de AstraZeneca, ofrecimos soluciones que conectan ciencia e innovaci\u00f3n:\n- Panel LED interactivo\n- Metabot con contenido din\u00e1mico\n- Brazo rob\u00f3tico con holograf\u00eda en la sesi\u00f3n plenaria. Tecnolog\u00eda dise\u00f1ada para sorprender y captar la atenci\u00f3n, transformando el conocimiento en impacto sensorial.","logo_cliente":"","video":"https:\/\/vimeo.com\/1096995142?share=copy"},"yoast_head":"<!-- This site is optimized with the Yoast SEO plugin v27.3 - https:\/\/yoast.com\/product\/yoast-seo-wordpress\/ -->\n<title>AstraZeneca - Neuro Connect<\/title>\n<meta name=\"description\" content=\"Tres activaciones, una experiencia futurista. Durante el evento NeuroConnect de AstraZeneca, ofrecimos soluciones que conectan ciencia e innovaci\u00f3n: - Panel de LED interactivo - Metabot con contenido din\u00e1mico - Brazo rob\u00f3tico con holograf\u00eda en la plenaria. Tecnolog\u00eda pensada para cautivar e involucrar, transformando el conocimiento en impacto sensorial.\" \/>\n<meta name=\"robots\" content=\"index, follow, max-snippet:-1, max-image-preview:large, max-video-preview:-1\" \/>\n<link rel=\"canonical\" href=\"https:\/\/af7pro.com.br\/es\/projeto\/astrazeneca-neuro-connect\/\" \/>\n<meta property=\"og:locale\" content=\"es_ES\" \/>\n<meta property=\"og:type\" content=\"article\" \/>\n<meta property=\"og:title\" content=\"AstraZeneca - Neuro Connect\" \/>\n<meta property=\"og:description\" content=\"Tres activaciones, una experiencia futurista. Durante el evento NeuroConnect de AstraZeneca, ofrecimos soluciones que conectan ciencia e innovaci\u00f3n: - Panel de LED interactivo - Metabot con contenido din\u00e1mico - Brazo rob\u00f3tico con holograf\u00eda en la plenaria. Tecnolog\u00eda pensada para cautivar e involucrar, transformando el conocimiento en impacto sensorial.\" \/>\n<meta property=\"og:url\" content=\"https:\/\/af7pro.com.br\/es\/projeto\/astrazeneca-neuro-connect\/\" \/>\n<meta property=\"og:site_name\" content=\"AF7Pro - Tecnologia em movimento\" \/>\n<meta property=\"article:publisher\" content=\"https:\/\/www.facebook.com\/af7pro\/\" \/>\n<meta name=\"twitter:card\" content=\"summary_large_image\" \/>\n<script type=\"application\/ld+json\" class=\"yoast-schema-graph\">{\"@context\":\"https:\\\/\\\/schema.org\",\"@graph\":[{\"@type\":\"WebPage\",\"@id\":\"https:\\\/\\\/af7pro.com.br\\\/es\\\/projeto\\\/astrazeneca-neuro-connect\\\/\",\"url\":\"https:\\\/\\\/af7pro.com.br\\\/es\\\/projeto\\\/astrazeneca-neuro-connect\\\/\",\"name\":\"AstraZeneca - Neuro Connect\",\"isPartOf\":{\"@id\":\"https:\\\/\\\/af7pro.com.br\\\/es\\\/#website\"},\"primaryImageOfPage\":{\"@id\":\"https:\\\/\\\/af7pro.com.br\\\/es\\\/projeto\\\/astrazeneca-neuro-connect\\\/#primaryimage\"},\"image\":{\"@id\":\"https:\\\/\\\/af7pro.com.br\\\/es\\\/projeto\\\/astrazeneca-neuro-connect\\\/#primaryimage\"},\"thumbnailUrl\":\"https:\\\/\\\/af7pro.com.br\\\/wp-content\\\/uploads\\\/2025\\\/09\\\/IMG_4530-copia-2.jpg\",\"datePublished\":\"2025-09-17T02:08:21+00:00\",\"description\":\"Tres activaciones, una experiencia futurista. Durante el evento NeuroConnect de AstraZeneca, ofrecimos soluciones que conectan ciencia e innovaci\u00f3n: - Panel de LED interactivo - Metabot con contenido din\u00e1mico - Brazo rob\u00f3tico con holograf\u00eda en la plenaria. Tecnolog\u00eda pensada para cautivar e involucrar, transformando el conocimiento en impacto sensorial.\",\"breadcrumb\":{\"@id\":\"https:\\\/\\\/af7pro.com.br\\\/es\\\/projeto\\\/astrazeneca-neuro-connect\\\/#breadcrumb\"},\"inLanguage\":\"es\",\"potentialAction\":[{\"@type\":\"ReadAction\",\"target\":[\"https:\\\/\\\/af7pro.com.br\\\/es\\\/projeto\\\/astrazeneca-neuro-connect\\\/\"]}]},{\"@type\":\"ImageObject\",\"inLanguage\":\"es\",\"@id\":\"https:\\\/\\\/af7pro.com.br\\\/es\\\/projeto\\\/astrazeneca-neuro-connect\\\/#primaryimage\",\"url\":\"https:\\\/\\\/af7pro.com.br\\\/wp-content\\\/uploads\\\/2025\\\/09\\\/IMG_4530-copia-2.jpg\",\"contentUrl\":\"https:\\\/\\\/af7pro.com.br\\\/wp-content\\\/uploads\\\/2025\\\/09\\\/IMG_4530-copia-2.jpg\",\"width\":600,\"height\":338},{\"@type\":\"BreadcrumbList\",\"@id\":\"https:\\\/\\\/af7pro.com.br\\\/es\\\/projeto\\\/astrazeneca-neuro-connect\\\/#breadcrumb\",\"itemListElement\":[{\"@type\":\"ListItem\",\"position\":1,\"name\":\"In\u00edcio\",\"item\":\"https:\\\/\\\/af7pro.com.br\\\/es\\\/\"},{\"@type\":\"ListItem\",\"position\":2,\"name\":\"Proyectos\",\"item\":\"https:\\\/\\\/af7pro.com.br\\\/es\\\/portfolio\\\/\"},{\"@type\":\"ListItem\",\"position\":3,\"name\":\"AstraZeneca &#8211; Neuro Connect\"}]},{\"@type\":\"WebSite\",\"@id\":\"https:\\\/\\\/af7pro.com.br\\\/es\\\/#website\",\"url\":\"https:\\\/\\\/af7pro.com.br\\\/es\\\/\",\"name\":\"Af7 Pro - Tecnologia em movimento\",\"description\":\"Ativa\u00e7\u00f5es tecnol\u00f3gicas para eventos\",\"publisher\":{\"@id\":\"https:\\\/\\\/af7pro.com.br\\\/es\\\/#organization\"},\"potentialAction\":[{\"@type\":\"SearchAction\",\"target\":{\"@type\":\"EntryPoint\",\"urlTemplate\":\"https:\\\/\\\/af7pro.com.br\\\/es\\\/?s={search_term_string}\"},\"query-input\":{\"@type\":\"PropertyValueSpecification\",\"valueRequired\":true,\"valueName\":\"search_term_string\"}}],\"inLanguage\":\"es\"},{\"@type\":\"Organization\",\"@id\":\"https:\\\/\\\/af7pro.com.br\\\/es\\\/#organization\",\"name\":\"Af7 Pro Tecnologia em movimento\",\"url\":\"https:\\\/\\\/af7pro.com.br\\\/es\\\/\",\"logo\":{\"@type\":\"ImageObject\",\"inLanguage\":\"es\",\"@id\":\"https:\\\/\\\/af7pro.com.br\\\/es\\\/#\\\/schema\\\/logo\\\/image\\\/\",\"url\":\"https:\\\/\\\/af7pro.com.br\\\/wp-content\\\/uploads\\\/2024\\\/07\\\/favico.png\",\"contentUrl\":\"https:\\\/\\\/af7pro.com.br\\\/wp-content\\\/uploads\\\/2024\\\/07\\\/favico.png\",\"width\":512,\"height\":512,\"caption\":\"Af7 Pro Tecnologia em movimento\"},\"image\":{\"@id\":\"https:\\\/\\\/af7pro.com.br\\\/es\\\/#\\\/schema\\\/logo\\\/image\\\/\"},\"sameAs\":[\"https:\\\/\\\/www.facebook.com\\\/af7pro\\\/\",\"https:\\\/\\\/www.linkedin.com\\\/company\\\/af7pro\\\/\",\"https:\\\/\\\/pin.it\\\/5G9NvRlLS\",\"https:\\\/\\\/www.instagram.com\\\/af7pro\"]}]}<\/script>\n<!-- \/ Yoast SEO plugin. -->","yoast_head_json":{"title":"AstraZeneca - Neuro Connect","description":"Tres activaciones, una experiencia futurista. Durante el evento NeuroConnect de AstraZeneca, ofrecimos soluciones que conectan ciencia e innovaci\u00f3n: - Panel de LED interactivo - Metabot con contenido din\u00e1mico - Brazo rob\u00f3tico con holograf\u00eda en la plenaria. Tecnolog\u00eda pensada para cautivar e involucrar, transformando el conocimiento en impacto sensorial.","robots":{"index":"index","follow":"follow","max-snippet":"max-snippet:-1","max-image-preview":"max-image-preview:large","max-video-preview":"max-video-preview:-1"},"canonical":"https:\/\/af7pro.com.br\/es\/projeto\/astrazeneca-neuro-connect\/","og_locale":"es_ES","og_type":"article","og_title":"AstraZeneca - Neuro Connect","og_description":"Tres activaciones, una experiencia futurista. Durante el evento NeuroConnect de AstraZeneca, ofrecimos soluciones que conectan ciencia e innovaci\u00f3n: - Panel de LED interactivo - Metabot con contenido din\u00e1mico - Brazo rob\u00f3tico con holograf\u00eda en la plenaria. Tecnolog\u00eda pensada para cautivar e involucrar, transformando el conocimiento en impacto sensorial.","og_url":"https:\/\/af7pro.com.br\/es\/projeto\/astrazeneca-neuro-connect\/","og_site_name":"AF7Pro - Tecnologia em movimento","article_publisher":"https:\/\/www.facebook.com\/af7pro\/","twitter_card":"summary_large_image","schema":{"@context":"https:\/\/schema.org","@graph":[{"@type":"WebPage","@id":"https:\/\/af7pro.com.br\/es\/projeto\/astrazeneca-neuro-connect\/","url":"https:\/\/af7pro.com.br\/es\/projeto\/astrazeneca-neuro-connect\/","name":"AstraZeneca - Neuro Connect","isPartOf":{"@id":"https:\/\/af7pro.com.br\/es\/#website"},"primaryImageOfPage":{"@id":"https:\/\/af7pro.com.br\/es\/projeto\/astrazeneca-neuro-connect\/#primaryimage"},"image":{"@id":"https:\/\/af7pro.com.br\/es\/projeto\/astrazeneca-neuro-connect\/#primaryimage"},"thumbnailUrl":"https:\/\/af7pro.com.br\/wp-content\/uploads\/2025\/09\/IMG_4530-copia-2.jpg","datePublished":"2025-09-17T02:08:21+00:00","description":"Tres activaciones, una experiencia futurista. Durante el evento NeuroConnect de AstraZeneca, ofrecimos soluciones que conectan ciencia e innovaci\u00f3n: - Panel de LED interactivo - Metabot con contenido din\u00e1mico - Brazo rob\u00f3tico con holograf\u00eda en la plenaria. Tecnolog\u00eda pensada para cautivar e involucrar, transformando el conocimiento en impacto sensorial.","breadcrumb":{"@id":"https:\/\/af7pro.com.br\/es\/projeto\/astrazeneca-neuro-connect\/#breadcrumb"},"inLanguage":"es","potentialAction":[{"@type":"ReadAction","target":["https:\/\/af7pro.com.br\/es\/projeto\/astrazeneca-neuro-connect\/"]}]},{"@type":"ImageObject","inLanguage":"es","@id":"https:\/\/af7pro.com.br\/es\/projeto\/astrazeneca-neuro-connect\/#primaryimage","url":"https:\/\/af7pro.com.br\/wp-content\/uploads\/2025\/09\/IMG_4530-copia-2.jpg","contentUrl":"https:\/\/af7pro.com.br\/wp-content\/uploads\/2025\/09\/IMG_4530-copia-2.jpg","width":600,"height":338},{"@type":"BreadcrumbList","@id":"https:\/\/af7pro.com.br\/es\/projeto\/astrazeneca-neuro-connect\/#breadcrumb","itemListElement":[{"@type":"ListItem","position":1,"name":"In\u00edcio","item":"https:\/\/af7pro.com.br\/es\/"},{"@type":"ListItem","position":2,"name":"Proyectos","item":"https:\/\/af7pro.com.br\/es\/portfolio\/"},{"@type":"ListItem","position":3,"name":"AstraZeneca &#8211; Neuro Connect"}]},{"@type":"WebSite","@id":"https:\/\/af7pro.com.br\/es\/#website","url":"https:\/\/af7pro.com.br\/es\/","name":"Af7 Pro - Tecnologia em movimento","description":"Ativa\u00e7\u00f5es tecnol\u00f3gicas para eventos","publisher":{"@id":"https:\/\/af7pro.com.br\/es\/#organization"},"potentialAction":[{"@type":"SearchAction","target":{"@type":"EntryPoint","urlTemplate":"https:\/\/af7pro.com.br\/es\/?s={search_term_string}"},"query-input":{"@type":"PropertyValueSpecification","valueRequired":true,"valueName":"search_term_string"}}],"inLanguage":"es"},{"@type":"Organization","@id":"https:\/\/af7pro.com.br\/es\/#organization","name":"Af7 Pro Tecnologia em movimento","url":"https:\/\/af7pro.com.br\/es\/","logo":{"@type":"ImageObject","inLanguage":"es","@id":"https:\/\/af7pro.com.br\/es\/#\/schema\/logo\/image\/","url":"https:\/\/af7pro.com.br\/wp-content\/uploads\/2024\/07\/favico.png","contentUrl":"https:\/\/af7pro.com.br\/wp-content\/uploads\/2024\/07\/favico.png","width":512,"height":512,"caption":"Af7 Pro Tecnologia em movimento"},"image":{"@id":"https:\/\/af7pro.com.br\/es\/#\/schema\/logo\/image\/"},"sameAs":["https:\/\/www.facebook.com\/af7pro\/","https:\/\/www.linkedin.com\/company\/af7pro\/","https:\/\/pin.it\/5G9NvRlLS","https:\/\/www.instagram.com\/af7pro"]}]}},"_links":{"self":[{"href":"https:\/\/af7pro.com.br\/es\/wp-json\/wp\/v2\/projeto\/1642","targetHints":{"allow":["GET"]}}],"collection":[{"href":"https:\/\/af7pro.com.br\/es\/wp-json\/wp\/v2\/projeto"}],"about":[{"href":"https:\/\/af7pro.com.br\/es\/wp-json\/wp\/v2\/types\/projeto"}],"wp:featuredmedia":[{"embeddable":true,"href":"https:\/\/af7pro.com.br\/es\/wp-json\/wp\/v2\/media\/997"}],"wp:attachment":[{"href":"https:\/\/af7pro.com.br\/es\/wp-json\/wp\/v2\/media?parent=1642"}],"wp:term":[{"taxonomy":"exibicao","embeddable":true,"href":"https:\/\/af7pro.com.br\/es\/wp-json\/wp\/v2\/exibicao?post=1642"},{"taxonomy":"servicos_projeto","embeddable":true,"href":"https:\/\/af7pro.com.br\/es\/wp-json\/wp\/v2\/servicos_projeto?post=1642"}],"curies":[{"name":"wp","href":"https:\/\/api.w.org\/{rel}","templated":true}]}}

Tres activaciones, una experiencia futurista.
Durante el evento NeuroConnect de AstraZeneca, ofrecimos soluciones que conectan ciencia e innovación:
- Panel LED interactivo
- Metabot con contenido dinámico
- Brazo robótico con holografía en la sesión plenaria. Tecnología diseñada para sorprender y captar la atención, transformando el conocimiento en impacto sensorial.

<!-- This site is optimized with the Yoast SEO plugin v27.3 - https://yoast.com/product/yoast-seo-wordpress/ -->
<title>AstraZeneca - Neuro Connect</title>
<meta name="description" content="Tres activaciones, una experiencia futurista. Durante el evento NeuroConnect de AstraZeneca, ofrecimos soluciones que conectan ciencia e innovación: - Panel de LED interactivo - Metabot con contenido dinámico - Brazo robótico con holografía en la plenaria. Tecnología pensada para cautivar e involucrar, transformando el conocimiento en impacto sensorial." />
<meta name="robots" content="index, follow, max-snippet:-1, max-image-preview:large, max-video-preview:-1" />
<link rel="canonical" href="https://af7pro.com.br/es/projeto/astrazeneca-neuro-connect/" />
<meta property="og:locale" content="es_ES" />
<meta property="og:type" content="article" />
<meta property="og:title" content="AstraZeneca - Neuro Connect" />
<meta property="og:description" content="Tres activaciones, una experiencia futurista. Durante el evento NeuroConnect de AstraZeneca, ofrecimos soluciones que conectan ciencia e innovación: - Panel de LED interactivo - Metabot con contenido dinámico - Brazo robótico con holografía en la plenaria. Tecnología pensada para cautivar e involucrar, transformando el conocimiento en impacto sensorial." />
<meta property="og:url" content="https://af7pro.com.br/es/projeto/astrazeneca-neuro-connect/" />
<meta property="og:site_name" content="AF7Pro - Tecnologia em movimento" />
<meta property="article:publisher" content="https://www.facebook.com/af7pro/" />
<meta name="twitter:card" content="summary_large_image" />
<script type="application/ld+json" class="yoast-schema-graph">{"@context":"https:\/\/schema.org","@graph":[{"@type":"WebPage","@id":"https:\/\/af7pro.com.br\/es\/projeto\/astrazeneca-neuro-connect\/","url":"https:\/\/af7pro.com.br\/es\/projeto\/astrazeneca-neuro-connect\/","name":"AstraZeneca - Neuro Connect","isPartOf":{"@id":"https:\/\/af7pro.com.br\/es\/#website"},"primaryImageOfPage":{"@id":"https:\/\/af7pro.com.br\/es\/projeto\/astrazeneca-neuro-connect\/#primaryimage"},"image":{"@id":"https:\/\/af7pro.com.br\/es\/projeto\/astrazeneca-neuro-connect\/#primaryimage"},"thumbnailUrl":"https:\/\/af7pro.com.br\/wp-content\/uploads\/2025\/09\/IMG_4530-copia-2.jpg","datePublished":"2025-09-17T02:08:21+00:00","description":"Tres activaciones, una experiencia futurista. Durante el evento NeuroConnect de AstraZeneca, ofrecimos soluciones que conectan ciencia e innovación: - Panel de LED interactivo - Metabot con contenido dinámico - Brazo robótico con holografía en la plenaria. Tecnología pensada para cautivar e involucrar, transformando el conocimiento en impacto sensorial.","breadcrumb":{"@id":"https:\/\/af7pro.com.br\/es\/projeto\/astrazeneca-neuro-connect\/#breadcrumb"},"inLanguage":"es","potentialAction":[{"@type":"ReadAction","target":["https:\/\/af7pro.com.br\/es\/projeto\/astrazeneca-neuro-connect\/"]}]},{"@type":"ImageObject","inLanguage":"es","@id":"https:\/\/af7pro.com.br\/es\/projeto\/astrazeneca-neuro-connect\/#primaryimage","url":"https:\/\/af7pro.com.br\/wp-content\/uploads\/2025\/09\/IMG_4530-copia-2.jpg","contentUrl":"https:\/\/af7pro.com.br\/wp-content\/uploads\/2025\/09\/IMG_4530-copia-2.jpg","width":600,"height":338},{"@type":"BreadcrumbList","@id":"https:\/\/af7pro.com.br\/es\/projeto\/astrazeneca-neuro-connect\/#breadcrumb","itemListElement":[{"@type":"ListItem","position":1,"name":"Início","item":"https:\/\/af7pro.com.br\/es\/"},{"@type":"ListItem","position":2,"name":"Proyectos","item":"https:\/\/af7pro.com.br\/es\/portfolio\/"},{"@type":"ListItem","position":3,"name":"AstraZeneca &#8211; Neuro Connect"}]},{"@type":"WebSite","@id":"https:\/\/af7pro.com.br\/es\/#website","url":"https:\/\/af7pro.com.br\/es\/","name":"Af7 Pro - Tecnologia em movimento","description":"Ativações tecnológicas para eventos","publisher":{"@id":"https:\/\/af7pro.com.br\/es\/#organization"},"potentialAction":[{"@type":"SearchAction","target":{"@type":"EntryPoint","urlTemplate":"https:\/\/af7pro.com.br\/es\/?s={search_term_string}"},"query-input":{"@type":"PropertyValueSpecification","valueRequired":true,"valueName":"search_term_string"}}],"inLanguage":"es"},{"@type":"Organization","@id":"https:\/\/af7pro.com.br\/es\/#organization","name":"Af7 Pro Tecnologia em movimento","url":"https:\/\/af7pro.com.br\/es\/","logo":{"@type":"ImageObject","inLanguage":"es","@id":"https:\/\/af7pro.com.br\/es\/#\/schema\/logo\/image\/","url":"https:\/\/af7pro.com.br\/wp-content\/uploads\/2024\/07\/favico.png","contentUrl":"https:\/\/af7pro.com.br\/wp-content\/uploads\/2024\/07\/favico.png","width":512,"height":512,"caption":"Af7 Pro Tecnologia em movimento"},"image":{"@id":"https:\/\/af7pro.com.br\/es\/#\/schema\/logo\/image\/"},"sameAs":["https:\/\/www.facebook.com\/af7pro\/","https:\/\/www.linkedin.com\/company\/af7pro\/","https:\/\/pin.it\/5G9NvRlLS","https:\/\/www.instagram.com\/af7pro"]}]}</script>
<!-- / Yoast SEO plugin. -->

Tres activaciones, una experiencia futurista. Durante el evento NeuroConnect de AstraZeneca, ofrecimos soluciones que conectan ciencia e innovación: - Panel de LED interactivo - Metabot con contenido dinámico - Brazo robótico con holografía en la plenaria. Tecnología pensada para cautivar e involucrar, transformando el conocimiento en impacto sensorial.

Início

Ativações tecnológicas para eventos
